, 5319247
What are the prime factors of 180735808?
2, 11, 149, 1723
List the prime factors of 139717926.
2, 3, 1493, 1733
What are the prime factors of 65183214?
2, 3, 337, 32237
List the prime factors of 345504506.
2, 113, 1528781
What are the prime factors of 219839282?
2, 13, 8455357
What are the prime factors of 4850031572?
2, 29, 1637, 25541
What are the prime factors of 27980812?
2, 379, 18457
List the prime factors of 172307146.
2, 11, 113, 6301
List the prime factors of 66092204.
2, 43, 384257
List the prime factors of 2845988253.
3, 337, 938341
What are the prime factors of 1632583007?
11, 148416637
List the prime factors of 344856363.
3, 61, 1884461
What are the prime factors of 1756647147?
3, 19, 31, 994141
List the prime factors of 277118947.
7, 39588421
List the prime factors of 2736274232.
2, 342034279
List the prime factors of 271171.
373, 727
List the prime factors of 51839116.
2, 7, 179, 10343
List the prime factors of 62863283.
7, 8980469
What are the prime factors of 69765237?
3, 7751693
List the prime factors of 362934973.
709, 511897
What are the prime factors of 368072496?
2, 3, 11, 23, 10103
List the prime factors of 751345880.
2, 5, 19, 43, 83, 277
What are the prime factors of 185157597?
3, 61719199
List the prime factors of 22804075.
5, 7, 311, 419
List the prime factors of 125953700.
2, 5, 1259537
What are the prime factors of 2374710596?
2, 593677649
What are the prime factors of 363154907?
29, 337, 37159
List the prime factors of 634322915.
5, 73, 1737871
List the prime factors of 42662469.
3, 17, 49207
List the prime factors of 55725036.
2, 3, 89, 52177
What are the prime factors of 2698187452?
2, 674546863
List the prime factors of 3969541663.
29, 331, 413537
List the prime factors of 43933337.
7, 89, 97, 727
What are the prime factors of 1802028181?
67, 853, 31531
List the prime factors of 4767330201.
3, 1621, 980327
What are the prime factors of 7092642570?
2, 3, 5, 13, 18186263
List the prime factors of 3907459321.
43, 90871147
List the prime factors of 1347183234.
2, 3, 127, 499, 1181
What are the prime factors of 1071857849?
19, 53, 1064407
What are the prime factors of 5494709719?
131, 41944349
List the prime factors of 37221972.
2, 3, 3101831
What are the prime factors of 50235892?
2, 7, 751, 2389
List the prime factors of 735349915.
5, 31, 229, 20717
What are the prime factors of 766878333?
3, 13, 3517, 5591
What are the prime factors of 39606601?
127, 181, 1723
What are the prime factors of 4003660377?
3, 7237, 61469
List the prime factors of 2115261670.
2, 5, 211526167
List the prime factors of 26351826.
2, 3, 113, 38867
What are the prime factors of 141740531?
141740531
What are the prime factors of 2276678259?
3, 28107139
What are the prime factors of 41810124?
2, 3, 3484177
List the prime factors of 858346720.
2, 5, 7, 11, 37, 269
List the prime factors of 91924984.
2, 17, 107, 6317
What are the prime factors of 230080058?
2, 13, 59, 127, 1181
What are the prime factors of 3773108033?
317, 2473, 4813
List the prime factors of 753632888.
2, 94204111
List the prime factors of 181206395.
5, 1171, 30949
What are the prime factors of 3756725489?
11, 53, 73, 103, 857
What are the prime factors of 283061178?
2, 3, 15725621
List the prime factors of 1619618.
2, 7, 11, 13, 809
What are the prime factors of 7021755299?
13, 313, 1725671
List the prime factors of 127512675.
3, 5, 566723
List the prime factors of 103676404.
2, 13, 17, 117281
What are the prime factors of 567857107?
567857107
List the prime factors of 5665970733.
3, 1888656911
List the prime factors of 784300927.
6637, 118171
What are the prime factors of 1010217887?
7, 1789, 80669
List the prime factors of 393036362.
2, 17, 29, 191, 2087
What are the prime factors of 963506610?
2, 3, 5, 11, 53, 6121
List the prime factors of 94964948.
2, 13, 83, 22003
What are the prime factors of 19039338?
2, 3, 1057741
What are the prime factors of 1029876180?
2, 3, 5, 17164603
List the prime factors of 20442084.
2, 3, 13, 59, 2221
What are the prime factors of 779519688?
2, 3, 19, 1709473
What are the prime factors of 156410999?
17, 9200647
What are the prime factors of 138462312?
2, 3, 73, 79031
What are the prime factors of 2261388330?
2, 3, 5, 25126537
List the prime factors of 42280670.
2, 5, 23, 183829
What are the prime factors of 103643938?
2, 53, 127, 7699
What are the prime factors of 357948146?
2, 47, 3807959
List the prime factors of 657426544.
2, 41089159
List the prime factors of 696506985.
3, 5, 659, 7829
What are the prime factors of 56526168?
2, 3, 97, 24281
List the prime factors of 536963734.
2, 17, 929003
What are the prime factors of 4633754711?
4633754711
What are the prime factors of 896713370?
2, 5, 7, 12810191
List the prime factors of 47619799.
47619799
What are the prime factors of 114260827?
1289, 88643
What are the prime factors of 665661049?
1319, 504671
List the prime factors of 97929705.
3, 5, 19, 43, 61, 131
List the prime factors of 6421282.
2, 7, 458663
List the prime factors of 69223282.
2, 131, 264211
List the prime factors of 671857.
17, 39521
What are the prime factors of 52583783?
7, 7511969
List the prime factors of 63540718.
2, 31770359
What are the prime factors of 2106398338?
2, 11, 4663, 20533
What are the prime factors of 30565901?
4049, 7549
What are the prime factors of 930251?
7, 132893
What are the prime factors of 7472729933?
17, 139, 186023
List the prime factors of 12665762.
2, 6332881
List the prime factors of 4637431116.
2, 3, 41, 349099
What are the prime factors of 223443137?
23, 227, 42797
List the prime factors of 46500171.
3, 15500057
What are the prime factors of 180199562?
2, 29, 71, 43759
List the prime factors of 121298020.
2, 5, 1777, 3413
What are the prime factors of 78781762?
2, 23, 43, 39829
List the prime factors of 871193769.
3, 290397923
List the prime factors of 693148318.
2, 7417, 46727
What are the prime factors of 1702518786?
2, 3, 379, 249563
What are the prime factors of 3358639772?
2, 73, 3221, 3571
What are the prime factors of 139571563?
10613, 13151
List the prime factors of 880890258.
2, 3, 17, 109, 79231
What are the prime factors of 1371202048?
2, 17, 263, 599
What are the prime factors of 3067376661?
3, 29, 3917467
What are the prime factors of 644824783?
587, 1098509
List the prime factors of 2519089828.
2, 337, 619, 3019
List the prime factors of 73710695.
5, 107, 137777
What are the prime factors of 21676364?
2, 53, 59, 1733
What are the prime factors of 43527662?
2, 233, 93407
What are the prime factors of 34080207?
3, 7, 1622867
What are the prime factors of 72510242?
2, 7, 5179303
List the prime factors of 38097989.
223, 170843
What are the prime factors of 24541530?
2, 3, 5, 13, 62927
List the prime factors of 635155661.
7, 90736523
What are the prime factors of 624141405?
3, 5, 13869809
What are the prime factors of 191291397?
3, 11, 5796709
List the prime factors of 1652466728.
2, 11, 3089, 6079
List the prime factors of 179828705.
5, 7, 5137963
List the prime factors of 56967909.
3, 19, 999437
What are the prime factors of 161194183?
317, 508499
List the prime factors of 54193821.
3, 11, 67, 127, 193
What are the prime factors of 26675632?
2, 1667227
What are the prime factors of 61784774?
2, 30892387
List the prime factors of 1671485936.
2, 19, 5498309
What are the prime factors of 102530563?
102530563
List the prime factors of 263293261.
7, 11, 31, 73, 1511
List the prime factors of 5128970789.
19, 101, 2672731
List the prime factors of 39420030.
2, 3, 5, 13, 61, 1657
List the prime factors of 1537927990.
2, 5, 8117, 18947
What are the prime factors of 99653559?
3, 281, 118213
What are the prime factors of 95382175?
5, 7, 77863
List the prime factors of 73249692.
2, 3, 6104141
What are the prime factors of 95284783?
11, 73, 118661
List the prime factors of 545265910.
2, 5, 7, 827, 9419
What are the prime factors of 35930667?
3, 2423, 4943
What are the prime factors of 158702488?
2, 7, 2833973
What are the prime factors of 217943451?
3, 11, 17, 129497
What are the prime factors of 274135526?
2, 7, 19581109
List the prime factors of 254348517.
3, 683, 124133
List the prime factors of 50902304.
2, 61, 89, 293
List the prime factors of 46643591.
67, 163, 4271
List